107*u**2 + 14 + 11 - 73*u**2 + 3 - 6*u. What is the hundreds digit of p(-17)?
1
Suppose 0 = -2*w - y - 4*y + 261, -5*w + 705 = 2*y. Let j = w + -56. Suppose 0 = -4*x + 339 - j. What is the tens digit of x?
6
What is the thousands digit of 10052/(-280) - -36 - (-150909)/10?
5
Suppose -12*d + 28*d - 96731 = -2715. What is the units digit of d?
6
Let k = -13753 - -26539. What is the hundreds digit of k?
7
Let o(v) = 204*v + 368. What is the hundreds digit of o(2)?
7
Suppose 10126 = 11*g - 154467. What is the hundreds digit of g?
9
Let t(f) be the first derivative of 39*f + 7/2*f**2 - 32. What is the units digit of t(13)?
0
Suppose 12*y = 3*c + 15*y - 127299, 2*c + y - 84857 = 0. What is the units digit of c?
4
Let r(g) = 253*g + 11094. What is the hundreds digit of r(0)?
0
Suppose -43 = -5*j - 4*p, -2*j + 4*p = 3*j - 27. Let y be (-18)/63 + 800/j. Let t = y + -70. What is the units digit of t?
4
Suppose -16*z + 21*z = 3200. Suppose -15*g - z = -20*g. Let l = g - 14. What is the units digit of l?
4
What is the thousands digit of 7/((-3706)/337 + (21 - 10))?
2
Suppose 0 = 4*h - p - 21744 - 14906, 9134 = h - 5*p. What is the thousands digit of h?
9
Let j be 6/4*(15 + -9). Suppose -q = -3 - j. Let h = q + -4. What is the units digit of h?
8
Let d be -2*(15/(-30))/((-2)/(-10)). Suppose -214 + 2814 = d*n. Suppose 3*m - n = -4*p, 2*m + 3*p = -2*m + 705. What is the units digit of m?
0
Suppose -12*z - 4296 - 912 = 0. Let g = z + 653. What is the hundreds digit of g?
2
Suppose r + 0*r = 4*s - 32, -2*s - 6 = 5*r. Suppose -s*v + 560 = -2*v. Suppose -5*j + v = -j. What is the units digit of j?
8
Let i = 128 - 137. Let n(o) = -3*o**2 + 10*o - 60. Let b(c) = -2*c**2 + 5*c - 30. Let t(h) = -5*b(h) + 3*n(h). What is the units digit of t(i)?
6
Let g(o) = -983*o - 1611. What is the units digit of g(-22)?
5
Suppose l + 11 = 2*l. Suppose 11710 = l*t - 6451. What is the thousands digit of t?
1
Let p(m) = -m**3 - 16*m**2 - 21*m - 42. Let s be p(-15). Let c = s - 52. What is the hundreds digit of (9/c)/((-5)/(-1040)*-3)?
1
Let t be 2/(-7) - (123978/21 - 4). What is the units digit of ((-114)/(-95))/((-6)/t)?
0
Let d = 268 + -190. Let o = d + -75. Suppose -22 = -2*u - o*r, 3*r - r = -2*u + 24. What is the tens digit of u?
1
Suppose 7*z = z + 72. Suppose -4*j = 4*x - 868, 0 = 5*j + 8 + z. Let p = x + -43. What is the hundreds digit of p?
1
Let u be (-25)/(-4) + (-3)/(-4). Suppose 4*k + 12 = u*k. Suppose 2*h + k*t - 126 = h, 119 = h - 3*t. What is the hundreds digit of h?
1
Let m = 793 - 967. Let y(a) = -a**3 - 2*a**2 - 2*a - 3. Let r be y(-2). What is the tens digit of (-5 - m/24)/(r/12)?
2
Let j(h) = 5*h**3 - 7*h**2 + 2*h - 37. Let f be j(7). Suppose 0 = -5*a + 5*s + 3507 - 172, -2*a = -5*s - f. What is the tens digit of a?
6
Suppose 3*y - 5*p = 141262, -89*y - 3*p = -88*y - 47092. What is the thousands digit of y?
7
Let p be 6 + 0 + (-5 - -9)/(-1). Suppose 2*j - 6 = p. Suppose w + j - 207 = 0. What is the units digit of w?
3
What is the hundreds digit of 18266 - -1*0*8/32?
2
Let m(z) = 3*z**3 - z**2 + 16*z + 4630. What is the thousands digit of m(0)?
4
Let u be ((-1616)/(-24))/((-2)/(-21)). Suppose u = 8*f - f. Suppose 43 = 3*x - f. What is the units digit of x?
8
Suppose -4*z - 5*t = -z + 23, -5*z - 5*t - 25 = 0. What is the hundreds digit of -4 - ((z - -3) + -504 + 1)?
4
Let k = -228 + -596. Let a = 2534 + k. What is the thousands digit of a?
1
Let a(r) = -r**3 - 15*r**2 + 33*r + 1. Suppose -j + 5*q = 23, -2*j + q = 5*q + 32. What is the hundreds digit of a(j)?
3
Let m(f) = 28338*f**2 - 117*f - 121. What is the hundreds digit of m(-1)?
3
What is the units digit of (11 + -15 + -119)*(-3)/(6/154)?
1
Let m(l) = 83*l**3 + 4*l**2 - 92*l + 642. What is the hundreds digit of m(6)?
1
Let n(a) = 59*a - 16. Let b(s) = -30*s + 8. Let j(z) = 5*b(z) + 3*n(z). What is the units digit of j(4)?
0
Let u(n) = -3*n**3 - n**2 + n + 1. Let o be u(2). Let y = -39 - o. Let l = 59 - y. What is the tens digit of l?
7
Suppose 0 = -28*m + 24*m + 24. Let u(b) = -b**3 + 12*b**2 + 4*b + 29. What is the units digit of u(m)?
9
Suppose 3*q + 4*m + 5 = 0, -2*q + 11 = -3*m - 14. Suppose -t + 3*u = -2*t + 519, q*t - 2585 = -5*u. Suppose 2*y - t = -4*y. What is the tens digit of y?
8
Let k(y) = 3*y + 25. Let h be k(0). Let j(u) = h - 35 + u**3 + 41 - 21*u**2 - 19*u. What is the units digit of j(22)?
7
Let d be ((0/(-2))/(-2))/(-2). Let h(w) = 0*w + d*w - 3*w + 53 + 5*w. What is the units digit of h(0)?
3
Let u = 67 + -67. Suppose u = -4*x - 3*v + 37, 4*v + 15 = 11. What is the tens digit of x?
1
What is the thousands digit of 284/6674 - 636188/(-94)?
6
Let t(v) = 2*v**2 + 6*v - 4. Let u be t(-4). Suppose 0 = 4*q, 2*w - u*q = -w + 426. What is the hundreds digit of w?
1
Let o = -56 + 60. Suppose 0 = 17*b - 19*b + o. Suppose 2*z + 4*x = 180, -b*x = z + 4*z - 418. What is the tens digit of z?
8
Let d(t) = -55*t - 337. Let l(j) = 26*j + 169. Let k(m) = -4*d(m) - 9*l(m). What is the tens digit of k(-16)?
5
Let n(d) = 472*d - 1935. What is the units digit of n(9)?
3
What is the thousands digit of 1 + 4 + 1100 + -42?
1
What is the thousands digit of 3652 - 6/(-9 - -15)?
3
Let h = 23 - -6. Let f = 169 - h. What is the units digit of f?
0
Let q be (378/(-441))/((-1)/(-7)). What is the tens digit of 24*8*(-4 - q)?
8
Let l be -3 + (-1 - -1) - -5664. Suppose 32277 = 24*f + l. What is the hundreds digit of f?
1
Let u = -10759 + 15350. Suppose -11775 - u = -14*v. What is the hundreds digit of v?
1
Let y(n) be the second derivative of -8*n**3 - 1/2*n**2 + 32*n + 0. What is the tens digit of y(-1)?
4
Suppose -2*y + y + 56 = 4*q, 0 = 2*y + 8. Suppose -q*z + 1240 = -11*z. What is the hundreds digit of z?
3
Suppose -29267 = 4*h - 9*h - s, 0 = -2*s + 4. What is the thousands digit of h?
5
Let s(g) = -57*g + 4. Suppose 5*y = 10*y + 5. Let h be 6*5/15*y. What is the hundreds digit of s(h)?
1
Let t(a) be the third derivative of -37*a**5/120 - 5*a**4/24 + 4*a**3/3 - 10*a**2. Let f(j) be the first derivative of t(j). What is the tens digit of f(-2)?
6
Suppose -165 = -5*u + 60. Let f = -5 + -22. What is the units digit of (120/u)/((-2)/f)?
6
Let v = -36953 + 60220. What is the thousands digit of v?
3
Let q(x) = 8*x + 5. Let f be q(-19). Let p = f + 103. What is the tens digit of (121/p)/(1/(-16))?
4
Let w(o) = 357*o + 4790. What is the tens digit of w(52)?
5
Let j(t) = -t**2 - t + 1. Let k(l) = -26*l**2 + 2*l. Let w(r) = -j(r) - k(r). Let a = 3 + -5. What is the units digit of w(a)?
9
Let k = 1221 + -772. Let n = k + -282. What is the hundreds digit of n?
1
Let v(i) = 2*i**3 + i**2 + 10*i - 12. Let w be v(4). Let t = 558 - w. What is the units digit of t?
6
Let b be 38/532 - 149103/42. Let u = -1917 - b. What is the thousands digit of u?
1
Let n(k) = -5 - 2*k - k**3 - k**3 + 3 + k**3 - 6*k**2. What is the tens digit of n(-6)?
1
Let b(n) = -n**3 + 2*n**2 + 13*n - 42. Let v be b(3). What is the hundreds digit of 1000/v*4/10*-3?
1
Suppose 4*y - 5*z = 262396, 293*z - 291*z = -8. What is the thousands digit of y?
5
Let w = -35 - -41. Let q be (-5)/((-2)/w*3). Suppose -q*u = -122 - 203. What is the units digit of u?
5
Let x be ((-35)/(-70) - (-34)/(-4))/(-2). Suppose 5668 = 3*i + 2*i - 3*w, 2*i + x*w = 2262. What is the units digit of i?
3
Let i(u) = -3*u**3 - 5 + 12*u - 9*u + 12*u**2 - 2*u + 0*u**2. Let s be i(-4). Suppose 0 = -5*p - 5*c + s, -4*c - 300 = -4*p - 0*c. What is the units digit of p?
5
Let r(c) = c + 3. Let n be r(-8). Let h = n - 4. Let u = 28 - h. What is the units digit of u?
7
Let k = 66 - 73. What is the units digit of 6/(-9)*k/((-14)/(-642))?
4
Let z = 62 + -83. What is the tens digit of z + 22 + 0 + 69?
7
Let g(f) = f - 3. Let o be g(3). Suppose o = 3*l + 2 - 17. Suppose -227 = -l*t + n, t - 3*n - 96 = -t. What is the units digit of t?
5
Let q = 52 + -47. Suppose -q*f = -0*f. Suppose 5*l - a - 807 = f, 4*a - 117 = 5*l - 930. What is the units digit of l?
1
Let s = -12937 + 21752. What is the units digit of s?
5
Let j be (-2 + -3)*(7 + -8). Suppose -2*h = 3*x - 231, j*h - x = -4*x + 591. What is the tens digit of h?
2
Let x be (-23*1)/(5 - 33/6). Let a = x + -44. Suppose a - 32 = -10*i. What is the units digit of i?
3
Suppose -4 + 160 = -4*r. Let v = r + 39. Suppose 0*l - 34 = -l - 3*q, -3*q = v. What is the u